). What is the units digit of m(r)?
3
Suppose -56*i + 64*i - 13472 = 0. What is the units digit of i?
4
Let c = 100 - 98. Suppose -4*g = 3*x - 280, 3*g - c*g = 4*x - 405. What is the hundreds digit of x?
1
Let j = -21 + 13. What is the units digit of j/(-44) - (-819)/33?
5
Let w(c) = 1. Let k(b) = -6*b + 2. Let x(z) = -k(z) - 4*w(z). Suppose 0 = -o - 2 + 12. What is the tens digit of x(o)?
5
Let t(r) = -4*r - 2. Suppose 0*x - 3 = 3*x. Let m be t(x). Suppose 19 = -z + m*z. What is the units digit of z?
9
Let g = 94 - 119. Let h = 12 - 19. Let j = h - g. What is the tens digit of j?
1
What is the hundreds digit of 2023 + 3 - (7 - 5)/2?
0
Let v(r) = 3*r**2 + 5*r + 0*r + 1 - 4*r**3 - 2*r - 2*r**2. Let w be v(-1). Suppose 0 = w*y - 84 - 117. What is the tens digit of y?
6
Suppose x = -0*x + 2. Suppose v - 2 = x. Suppose -3*g + 123 = -2*p, v*p - 183 = -4*g + 1. What is the units digit of g?
3
Suppose 0 = 2*o + o - 5*b - 20, 4*b = -3*o + 11. Suppose g - o*j + 27 = 0, j - 4*j + 19 = -g. Let q = 26 + g. What is the units digit of q?
9
Suppose -12*u = -17*u - 30. What is the units digit of -4 - u*(6 - 3)?
4
Suppose -147 = l - 802. What is the tens digit of l?
5
Let r be 373/4 - (-10)/(-40). Suppose -r = 2*q + q + 3*l, 132 = -4*q + 4*l. What is the tens digit of q/6*(-18)/8?
1
Let v = 1977 + 808. What is the hundreds digit of v?
7
Suppose 2*v + 231 = n, 18*n = 13*n + 2*v + 1155. What is the hundreds digit of n?
2
Suppose -5*f + 5*l = 0, -6*l = -l + 25. Let w = 42 + f. What is the units digit of w?
7
Let u(t) = t**3 + 9*t**2. Let l be u(-9). Suppose 2*o + 4*w - 2*w - 4 = l, 2*w = -4. Suppose 20 = -o*b, 4*b + 33 = j + 10. What is the units digit of j?
3
Let i(g) = -3*g - 10. Let z be i(-10). Let q be 94/18 - z/90. Suppose 32 = q*x - 13. What is the units digit of x?
9
Let n(s) = s - 3*s + 7*s + s + 2. Let l be n(2). What is the units digit of l*((-64)/(-14) - 2)?
6
Let o(t) = 17*t**3 - 5*t**2 + 14*t - 12. What is the thousands digit of o(4)?
1
Suppose 2 = 4*s - 2*x - 828, -410 = -2*s + 2*x. Let v be s/(-27) - (-8)/(-36). What is the units digit of 52/8*v/(-4)?
3
Suppose 4*r + 222 = 5*m, m + r = -r + 50. Suppose 5 = o - m. What is the units digit of o?
1
Let p = -281 + 350. What is the units digit of p?
9
Suppose -r + 508 = -5*m + 6*m, -2*r + 508 = m. What is the units digit of m?
8
Let o(n) = 2*n + 51. Let l be o(0). Suppose 0 = 46*q - l*q + 345. What is the tens digit of q?
6
Let t be (102/8)/(9/(-72)). Let v = -73 - t. What is the tens digit of v?
2
Let j be (-3)/(0 + (0 - 1)). Suppose 2*v = j*g - 20, v = 5*g + 5*v - 4. Suppose -g*p = 4*a - 20 - 28, p - 4 = a. What is the units digit of p?
8
Let h be (-58)/8 + 13/52. Let l = 22 + h. What is the units digit of l?
5
Suppose 0 = -3*s - 2*s - 25, s - 10 = -5*o. Suppose 4*i + o*f - 205 = 2*i, -4*i + 2*f = -434. Let k = i + -58. What is the tens digit of k?
4
Suppose -5*b = 3*z - 960, -3*z = 3*b + 2*z - 560. What is the hundreds digit of (b/(-20))/((-9)/(-40))*-3?
1
Suppose 4*h - 26 = -10. Suppose 0 = h*v - 15*l + 10*l - 379, -3*v - 4*l + 261 = 0. What is the units digit of v?
1
Suppose -26 = -3*z - 4*i, 4*i = -4*z + 16 + 20. Let f be 84/10*z/3. Suppose -2*n + f + 14 = 0. What is the tens digit of n?
2
Let y(c) = 4*c + 59. What is the tens digit of y(0)?
5
Suppose 17*q - 17144 - 41353 = 0. What is the thousands digit of q?
3
Let o be (1692/24)/((-3)/(-4)). Suppose -o = -25*m + 23*m. What is the tens digit of m?
4
Let w = 447 - -54. What is the tens digit of w?
0
Let p(q) = q**3 - 6*q**2 + 15*q - 21. What is the units digit of p(4)?
7
Let j(i) = -4*i - 1997 - 13*i + 1994. What is the units digit of j(-6)?
9
Suppose 2*b = 3*s + 3*b - 11, 0 = -s + 3*b - 3. Suppose r + 150 = s*r. What is the tens digit of r?
7
Let b = -10 + 10. Suppose -d + 2 + 1 = b. Suppose 2*o + 2*o + 9 = d*u, 6 = 2*u + 3*o. What is the units digit of u?
3
Let o be 6/15 + 4/(-10). Suppose 2*j - 6 = o, -j = 3*a + a - 19. What is the units digit of -1 + (a + 3 - -1)?
7
Suppose -7*q - 1328 = -4*x - 11*q, q + 992 = 3*x. What is the hundreds digit of x?
3
Let p(b) = -b**3 - 2*b**2 - b - 1. Let m be p(-3). Suppose 28 = t - m. What is the tens digit of t?
3
Suppose 0 = -16*k + 30*k - 1974. What is the units digit of k?
1
Let w(a) = 12*a - 8. Let v be w(14). Suppose v = 5*s - 3*s. Suppose -2*k + 0*k = -s. What is the units digit of k?
0
Let q(a) = 46*a + 29. Let w be q(-12). Let g = -347 - w. What is the tens digit of g?
7
Let a = 36 + -22. Suppose a = 5*y - 6. Suppose y*b + 2*o - o = 106, -5*o = -3*b + 68. What is the tens digit of b?
2
Let a(g) = 13 + 12 - g - 12 + 16. What is the units digit of a(-16)?
5
Suppose -9*c + 52 + 2 = 0. Let m(l) = 2*l**3 - 7*l**2 - 3*l - 4. What is the hundreds digit of m(c)?
1
What is the tens digit of 7 - (-456 - (-18)/6)?
6
Let v be -4*(-3)/(24/26). Let z(w) = -6 + v - 1 - w + 7. What is the units digit of z(8)?
5
Let s = 22 - 16. Suppose 0 = 3*j - s - 21. What is the tens digit of (-6)/j + 118/6?
1
Let t = -253 + 655. What is the hundreds digit of t?
4
Let v be (-42)/(-147) + 1 + 766/14. Let o = 310 - v. What is the hundreds digit of o?
2
Let w be 28 + (-3)/(-2)*(-2)/3. Suppose w*u - 24*u = 315. What is the units digit of u?
5
Suppose 0 = 3*d + 3*x + 13 + 53, -d = -3*x + 18. Suppose -9*w + 6*w + 102 = 0. Let r = w + d. What is the tens digit of r?
1
Let b(t) = 5 - 3*t + 4*t**2 + 6*t + 9*t + t**2. What is the tens digit of b(-6)?
1
Let p(s) be the second derivative of 2*s**3/3 - 4*s. Let d be p(4). Suppose -d = -0*o + 4*o, 2*x = -o + 18. What is the tens digit of x?
1
Suppose 0 = a + 21 - 23. Suppose -2*n - 10 = 0, -l - 2*l + 467 = a*n. What is the units digit of l?
9
Let q(n) = -3*n - 12. Suppose -5*r - 14 = 31. What is the units digit of q(r)?
5
What is the hundreds digit of (-21)/98*-678*7?
0
Let a be (1/(-1) - 2)/(9/(-27)). Suppose -a + 522 = 9*c. What is the units digit of c?
7
Let b = 1804 + 420. What is the thousands digit of b?
2
Suppose 2*g - 9 = 1. Let m = 1272 - 1214. Suppose 3*x - m = g. What is the units digit of x?
1
Let j be (784/140)/(2/(-25)). Let y = 137 + j. What is the units digit of y?
7
Let g(z) be the first derivative of -z**4/4 - 11*z**3/3 - 9*z**2/2 + 9*z + 4. Let v be g(-10). What is the units digit of v - 7/(28/(-144))?
5
Suppose -33 + 12 = -7*h. What is the tens digit of -10*260/(-32) - h/(-4)?
8
Let d = -481 + 947. What is the hundreds digit of d?
4
Let n = -537 - -195. What is the tens digit of (-6)/9 - n/27?
1
Let z be 2*1*(-5)/10. What is the units digit of (2 + z)/((-7)/(-56))?
8
Suppose -37*a = -38*a + 649. What is the tens digit of a?
4
Let q(m) = 5*m + 89. Let h be q(-17). Suppose -h*x - 3*x + 280 = 0. What is the tens digit of x?
4
What is the units digit of (126/15)/((-2)/(-345))?
9
Suppose 3*v + 5*l - 4390 = 0, 72*v + 4393 = 75*v + 2*l. What is the units digit of v?
5
Suppose 2*u - 5*w = 11, 4*u + w - 4*w - 1 = 0. What is the units digit of ((-20)/15 + 4/u)*-12?
0
Let u = 40 - 16. Suppose 5*j - u = 2*j. What is the units digit of j?
8
What is the units digit of 19980/40*(-3 - -5)?
9
Let n be (130/15)/((-2)/3). Let z = -9 - n. Suppose 0 = 2*i - z - 14. What is the units digit of i?
9
Let x be -1 - 11/(44/(-24)). Suppose 4*w = -5*u + 38, 2*w - x*w + 18 = 2*u. Suppose -60 = -u*i + 2*i. What is the tens digit of i?
1
Suppose 6 + 10 = 4*f. Let k(a) = 15*a - 10. What is the units digit of k(f)?
0
Let i(m) = -4*m**2 - 2*m + 7. Let w(j) = -9*j**2 - 3*j + 13. Let c(y) = -7*i(y) + 3*w(y). What is the tens digit of c(5)?
4
Suppose 0 = c + 18 - 106. Suppose 5*d = -3*m + 12 + 88, 0 = -3*m + d + c. What is the units digit of m?
0
Let h(n) = 71*n + 107. What is the hundreds digit of h(8)?
6
Let x = -10 - -17. Let v(f) = -22*f**2 + 7*f**2 + 17*f + 0 + f**3 - 3*f + x. What is the units digit of v(14)?
7
Suppose 4*z = -6 + 50. Let c = z + -15. What is the tens digit of (-39)/6*(2 + c)?
1
Let l = -119 + 226. What is the hundreds digit of l?
1
Let n be 12*(-5)/(-40) + 5/2. Suppose 3*y = 4*u - 210, -2*u + 108 = n*y - 7*y. What is the units digit of u?
1
Let s be 2*21/2*1360/51. Suppose -28*q + 24*q = -s. What is the hundreds digit of q?
1
Let n(c) = -8*c + 24. Let t be n(15). What is the units digit of (-12)/t - (-79)/8?
0
Let z = 1 - -5. Let f(j) = 3*j - j**2 + 1 - 4*j - z*j + 0*j**2. What is th